277472 is divided by 2984.
2944
What is the remainder when 440478 is divided by 91?
38
What is the remainder when 561835 is divided by 16376?
5051
Calculate the remainder when 86537995 is divided by 86537984.
11
What is the remainder when 8145732 is divided by 40?
12
Calculate the remainder when 10199051 is divided by 16.
11
What is the remainder when 114621314 is divided by 52894?
16
What is the remainder when 251344335 is divided by 134?
133
Calculate the remainder when 17534052 is divided by 705.
702
What is the remainder when 5974146 is divided by 5974139?
7
What is the remainder when 2233495 is divided by 10741?
10108
Calculate the remainder when 532252 is divided by 6405.
637
What is the remainder when 10525196 is divided by 5560?
116
What is the remainder when 185542 is divided by 943?
714
Calculate the remainder when 5750979 is divided by 17.
15
What is the remainder when 35441 is divided by 844?
837
Calculate the remainder when 765420478 is divided by 80.
78
What is the remainder when 32171 is divided by 10599?
374
Calculate the remainder when 132769717 is divided by 10.
7
Calculate the remainder when 1075983 is divided by 35.
13
Calculate the remainder when 61126 is divided by 831.
463
Calculate the remainder when 229220 is divided by 600.
20
What is the remainder when 161168 is divided by 30?
8
Calculate the remainder when 762756327 is divided by 1490.
1487
What is the remainder when 9710083 is divided by 172?
167
What is the remainder when 4606938 is divided by 2303281?
376
What is the remainder when 60776 is divided by 1920?
1256
What is the remainder when 72200947 is divided by 134955?
22
Calculate the remainder when 25677870 is divided by 16.
14
Calculate the remainder when 561843 is divided by 1552.
19
What is the remainder when 1867733 is divided by 1205?
1188
Calculate the remainder when 83449842 is divided by 243294.
0
What is the remainder when 4909 is divided by 1010?
869
What is the remainder when 65696592 is divided by 4692611?
38
Calculate the remainder when 1086062 is divided by 271500.
62
Calculate the remainder when 1748014 is divided by 48.
46
What is the remainder when 158304 is divided by 709?
197
Calculate the remainder when 56613 is divided by 1522.
299
What is the remainder when 169403 is divided by 42076?
1099
What is the remainder when 26793 is divided by 1310?
593
Calculate the remainder when 21299524 is divided by 4748.
4744
Calculate the remainder when 1163786 is divided by 9461.
83
What is the remainder when 1743425 is divided by 75790?
255
Calculate the remainder when 233089023 is divided by 896.
895
What is the remainder when 7434379 is divided by 76643?
8
Calculate the remainder when 10378033 is divided by 324311.
81
Calculate the remainder when 355248 is divided by 117526.
2670
Calculate the remainder when 51343559 is divided by 755052.
23
Calculate the remainder when 62386 is divided by 2408.
2186
Calculate the remainder when 747642 is divided by 373640.
362
What is the remainder when 7145651 is divided by 4261?
4215
What is the remainder when 599048 is divided by 18704?
520
What is the remainder when 231942 is divided by 231899?
43
What is the remainder when 40301 is divided by 169?
79
What is the remainder when 34133129 is divided by 16?
9
Calculate the remainder when 3885 is divided by 2933.
952
Calculate the remainder when 12752956 is divided by 2550590.
6
What is the remainder when 35101703 is divided by 18?
11
What is the remainder when 6195225 is divided by 644?
589
Calculate the remainder when 13779525 is divided by 181.
176
Calculate the remainder when 921363 is divided by 33.
3
What is the remainder when 1869272 is divided by 16?
8
Calculate the remainder when 50899 is divided by 50385.
514
Calculate the remainder when 1585282 is divided by 113233.
20
What is the remainder when 2808265366 is divided by 9012?
9010
Calculate the remainder when 930137 is divided by 411.
44
What is the remainder when 632714 is divided by 946?
786
What is the remainder when 69212880 is divided by 297?
0
What is the remainder when 14564375 is divided by 237?
14
Calculate the remainder when 15149501 is divided by 3847.
15
Calculate the remainder when 7773 is divided by 72.
69
What is the remainder when 78299693 is divided by 33?
32
What is the remainder when 1743577581 is divided by 13744?
13741
What is the remainder when 164264 is divided by 3114?
2336
Calculate the remainder when 2118536 is divided by 3.
2
What is the remainder when 11986290 is divided by 84?
78
Calculate the remainder when 1575177 is divided by 77.
65
Calculate the remainder when 1954855 is divided by 93088.
7
What is the remainder when 17141904 is divided by 1373?
1372
What is the remainder when 175567491 is divided by 517?
495
Calculate the remainder when 1920328 is divided by 19013.
15
Calculate the remainder when 90903 is divided by 30269.
96
Calculate the remainder when 11585306 is divided by 62286.
110
What is the remainder when 48537 is divided by 799?
597
What is the remainder when 11375 is divided by 397?
259
Calculate the remainder when 5363933 is divided by 16.
13
What is the remainder when 59436 is divided by 676?
624
Calculate the remainder when 92852572 is divided by 11.
10
Calculate the remainder when 4181520 is divided by 1393832.
24
Calculate the remainder when 26773 is divided by 3527.
2084
Calculate the remainder when 102659 is divided by 6339.
1235
What is the remainder when 1586084 is divided by 39?
32
Calculate the remainder when 221437 is divided by 9219.
181
What is the remainder when 1760054 is divided by 17?
10
What is the remainder when 72882 is divided by 10385?
187
What is the remainder when 75959350 is divided by 29?
27
Calculate the remainder when 117513 is divided by 978.
153
Calculate the remainder when 10010784 is divided by 863.
847
What is the remainder when 5483093 is divided by 21?
14
What is the remainder when 34817 is divided by 8330?
1497
Calculate the remainder when 4409795 is divided by 244988.
11
What is the remainder when 362551 is divided by 26862?
13345
What is the remainder when 42410 is divided by 5841?
1523
Calculate the remainder when 42182067 is divided by 2508.
15
What is the remainder when 35984044 is divided by 1893?
7
Calculate the remainder when 242241 is divided by 3304.
1049
What is the remainder when 115426689 is divided by 9?
6
Calculate the remainder when 8729595 is divided by 84753.
36
Calculate the remainder when 504095 is divided by 642.
125
Calculate the remainder when 206148430 is divided by 88.
70
What is the remainder when 76021 is divided by 8288?
1429
Calculate the remainder when 377578 is divided by 125837.
67
What is the remainder when 685785 is divided by 99?
12
Calculate the remainder when 4811424 is divided by 801897.
42
Calculate the remainder when 9892010 is divided by 9219.
23
What is the remainder when 32842962 is divided by 21?
12
What is the remainder when 88019157 is divided by 194?
193
What is the remainder when 108366 is divided by 108177?
189
What is the remainder when 7411998 is divided by 104?
22
Calculate the remainder when 13767583 is divided by 757.
24
Calculate the remainder when 395931 is divided by 39545.
481
Calculate the remainder when 243144386 is divided by 2819.
2817
What is the remainder when 15717077 is divided by 101?
63
What is the remainder when 12837394 is divided by 858?
856
Calculate the remainder when 14856554 is divided by 245.
244
Calculate the remainder when 70810175 is divided by 298777.
26
What is the remainder when 1528455 is divided by 807?
804
Calculate the remainder when 247479 is divided by 84.
15
What is the remainder when 911249 is divided by 120?
89
Calculate the remainder when 189413090 is divided by 4441.
4440
Calculate the remainder when 106676 is divided by 1509.
1046
What is the remainder when 10242472 is divided by 602487?
193
Calculate the remainder when 9754571 is divided by 147.
92
Calculate the remainder when 23617047 is divided by 49.
27
What is the remainder when 5763801 is divided by 244?
33
Calculate the remainder when 8099274 is divided by 20.
14
Calculate the remainder when 92390996 is divided by 2.
0
What is the remainder when 715438 is divided by 349?
337
Calculate the remainder when 2063510 is divided 